{"id":37,"date":"2009-06-20T21:57:28","date_gmt":"2009-06-20T20:57:28","guid":{"rendered":"http:\/\/cmup.fc.up.pt\/cmup\/mdelgado\/?page_id=37"},"modified":"2026-04-02T18:04:51","modified_gmt":"2026-04-02T17:04:51","slug":"conferences","status":"publish","type":"page","link":"https:\/\/cmup.fc.up.pt\/cmup\/mdelgado\/conferences\/","title":{"rendered":"Conferences"},"content":{"rendered":"\n<h2 class=\"wp-block-heading\">Conferences whose organisation I&#8217;m involved in:<\/h2>\n\n\n\n<ul>\n<li><a href=\"https:\/\/www.gapdays.de\/gapdays2026-spring\/\">GAP Days Spring 2026<\/a>, Faculty of Sciences of the University of Porto, Portugal. 4-8 May, 2026.<\/li>\n<\/ul>\n\n\n<h2 class=\"wp-block-heading\">Conferences I plan to attend:<\/h2>\n<ul>\n<li><a href=\"https:\/\/sites.google.com\/fct.unl.pt\/tca2026\/\">Theoretical and Computational Algebra 2026<\/a>, <span class=\"jgG6ef C9DxTc \">University of <\/span><span class=\"jgG6ef C9DxTc \">Minho<\/span><span class=\"jgG6ef C9DxTc \">,<\/span> Guimar\u00e3es, Portugal. 28 June &#8211; 2 July 2026.<\/li>\n<li><a href=\"https:\/\/imns2026.org\/en\">International Meeting on Numerical Semigroups 2026<\/a>, Akdeniz University, Antalya, T\u00fcrkiye. 24 to 28 August 2026.<\/li>\n<\/ul>\n<p><!-- \/wp:heading --><\/p>\n<p><!-- wp:list --><\/p>\n<ul>\n<li style=\"list-style-type: none;\">\n<ul><!-- wp:list-item --><\/ul>\n<\/li>\n<\/ul>\n<h2 class=\"wp-block-heading\">Conferences I would like to attend<\/h2>\n<ul>\n<li><a href=\"https:\/\/dam-network.github.io\/dmd2026\/\">Discrete Mathematics Days 2026<\/a>, Faculty of Sciences of the University of Granada, Spain. 29 June &#8211; 1 July 2026.<\/li>\n<\/ul>\n<p><!-- \/wp:list-item --><\/p>\n<p><!-- \/wp:list --><\/p>\n<h2 class=\"wp-block-heading\">Conferences I attended recently:<\/h2>\n<p><!-- \/wp:list --><\/p>\n<p><!-- wp:list --><\/p>\n<ul>\n<li style=\"list-style-type: none;\">\n<ul><!-- wp:list-item --><\/ul>\n<\/li>\n<li><a href=\"https:\/\/imcm2025.uca.es\/\">International Meeting on Commutative Monoids 2025<\/a>, Universidad de La Laguna (Tenerife, Spain). 14th to 16 th July, 2025.<\/li>\n<li><a href=\"https:\/\/www.gapdays.de\/gapdays2025-spring\/\">GAP Days Spring 2025<\/a>, Vrije Universiteit Brussel, Brussels (Belgium). 7-11 April, 2025.<\/li>\n<li><a href=\"https:\/\/www.gapdays.de\/gapdays2024-summer\/\">GAP Days Summer 2024<\/a>, University of St Andrews, Scotland. 26-30 August 2024.<\/li>\n<li><a href=\"https:\/\/imns2024.uca.es\/\">International Meeting on Numerical Semigroups 2024<\/a>, Jerez de la Frontera (C\u00e1diz, Spain). 8 to 12 July, 2024. The pdf version of my presentation is available from this <a href=\"https:\/\/imns2024.uca.es\/hor\/\">link<\/a>.<\/li>\n<li><a href=\"https:\/\/imcm.uca.es\/?lang=en\/\">International Meeting on Commutative Monoids 2023<\/a>, Universidade de \u00c9vora (Portugal). 18th to 20th July, 2023.<\/li>\n<li><a href=\"https:\/\/www.ugr.es\/~imns2010\/2022\/\">INdAM workshop: International Meeting on Numerical Semigroups \u2013 Roma 2022<\/a>, Roma, Italy. 13 to 17 June, 2022.<\/li>\n<li><a href=\"https:\/\/congreso.us.es\/sevilla8imm\/\">8th Iberian Mathematical Meeting<\/a>, Seville, Spain. October 5-7, 2022.<\/li>\n<li><a href=\"https:\/\/www.gapdays.de\/gapdays2021-spring\">GAP Days &#8220;Spring&#8221; 2021<\/a>, February 15th-19th, 2021, Virtual\/Remote\/Home Office<\/li>\n<li><a href=\"https:\/\/opendreamkit.org\/meetings\/2019-04-02-GAPSingularMeeting\/\">GAP Singular meeting and school<\/a>, August 15 &#8212; August 23, 2019, PfalzAkademie, Lambrecht, Germany<\/li>\n<li><a href=\"https:\/\/spabrazmathcadiz18.uca.es\/web\/Congreso\/?lang=en\/\">II joint meeting Spain-Brazil in Mathematics<\/a>, 11 to 14 December 2018, University of C\u00e1diz, Spain.<\/li>\n<li><a href=\"https:\/\/gapdays.de\/gapdays2018-fall\/\">GAP Days Fall 2018<\/a>, September 17 &#8212; September 21, 2018, University of Siegen, Germany.<\/li>\n<li><a href=\"https:\/\/www.ugr.es\/~imns2010\/2018\/\">International Meeting on Numerical Semigroups<\/a>, Cortona, Toscana, Italy. 3 to 7 September, 2018. The slides of my talk are available via this <a href=\"http:\/\/www.ugr.es\/~imns2010\/2018\/timetable.html\">link<\/a>.<\/li>\n<li><a href=\"http:\/\/www.enspm2018.ipb.pt\/\">Encontro Nacional da Sociedade Portuguesa de Matem\u00e1tica &#8212; ENSPM 2018<\/a>, Instituto Polit\u00e9cnico de Bragan\u00e7a, 9, 10 e 11 de julho de 2018, Bragan\u00e7a, Portugal.<\/li>\n<li><a href=\"http:\/\/gapdays.de\/gapdays2017-fall\/\">GAP Days Fall 2017<\/a>, August 30 &#8212; September 8, 2017, University of Siegen, Germany. Pedro A. Garc\u00eda-S\u00e1nchez gave a talk based on some joint work. The slides are available via this <a href=\"http:\/\/gapdays.de\/gapdays2017-fall\/slides\/slides-numericalsgps-siegen.html#\/\">link<\/a>.<\/li>\n<li><a href=\"https:\/\/www.encontrociencia.pt\">Ci\u00eancia 2017: encontro com a ci\u00eancia e a tecnologia em Portugal<\/a>, Lisboa, July 3-5, 2017. The slides of my talk are available via this <a href=\"http:\/\/www.encontrociencia.pt\/programa\/detalhesprograma\/index.asp?accao=vercomunicacao&amp;id_comunicacao=318\">link<\/a>.<\/li>\n<li><a href=\"https:\/\/matematicas.unex.es\/~ojedamc\/WAG2017\">Workshop on Algebra and Geometry 2017 (Thematic week on Semigroups and applications)<\/a>, Badajoz, Spain, May 2-9, 2017<\/li>\n<li><a href=\"https:\/\/liu.se\/mai\/catspsw.math?l=en\">Meeting of the Catalan, Spanish, Swedish Math Societies<\/a>, 12-15 June 2017, Ume\u00e5, Sweden. The slides of my talk are available via this <a href=\"http:\/\/www.ugr.es\/~semigrupos\/Umea-2017\/\">link<\/a>.<\/li>\n<li style=\"list-style-type: none;\">\u00a0<\/li>\n<\/ul>\n<p><!-- \/wp:list-item --><\/p>\n<p><!-- \/wp:list --><\/p>\n<p><!-- wp:heading --><\/p>\n<h2 class=\"wp-block-heading\">Conferences in whose organization I have been involved:<\/h2>\n<p><!-- \/wp:heading --><\/p>\n<p><!-- wp:list --><\/p>\n<ul>\n<li style=\"list-style-type: none;\">\n<ul><!-- wp:list-item --><\/ul>\n<\/li>\n<\/ul>\n<ul>\n<li><a href=\"http:\/\/www.fc.ul.pt\/en\/conferencia\/csa-2016\/ \">International Conference on Semigroups and Automata 2016<\/a>, 20-24\/6\/2016, Lisbon, Portugal.<\/li>\n<li>In the framework of the <a href=\"http:\/\/aep-math2015.spm.pt\/\">AMS \/ EMS \/ SPM International Meeting<\/a>, 10-13\/6\/2016, Porto, Portugal, jointly with Pedro A. Garc\u00eda-S\u00e1nchez, I organized a special session on &#8220;Commutative Monoids&#8221;. [See the <a href=\"http:\/\/aep-math2015.spm.pt\/sites\/default\/files\/program_ss13.pdf\">Program<\/a>. See also the <a href=\"http:\/\/www.ugr.es\/~imns2010\/porto2015\/\">slides<\/a> of some talks.]<\/li>\n<li><a href=\"http:\/\/www.imm4.uva.es\/\">4th Iberian Mathematical Meeting<\/a>, October 5-7, 2012, Universidad de Valladolid (mainly as a member of the scientific committee)<\/li>\n<li><a href=\"http:\/\/imns2012.utad.pt\/\">Iberian Meeting on Numerical Semigroups<\/a> Vila Real, July 18 &#8211; 20, 2012. An interview to the Scientific Committee made jointly with P. A. Garc\u00eda-S\u00e1nchez has been published in the <a title=\"CIM\" href=\"http:\/\/www.cim.pt\">CIM<\/a> [<a title=\"bulletin33\" href=\"http:\/\/www.cim.pt\/docs\/95\/pdf\"> Bulletin, number 33<\/a>].<\/li>\n<li><a href=\"http:\/\/cmup.fc.up.pt\/cmup\/ASA\/ASA_days\/\" target=\"_blank\" rel=\"noopener\">Automata, Semigroups and Applications&#8217; days<\/a>, June, 2010.<\/li>\n<li><a href=\"http:\/\/www.ugr.es\/~imns2010\/\" target=\"_blank\" rel=\"noopener\">Iberian meeting on numerical semigroups &#8211; Granada 2010<\/a>, Granada, Spain, February 3 &#8211; 5, 2010.<\/li>\n<li><a href=\"http:\/\/www.fc.up.pt\/ICSrt2009\/\" target=\"_blank\" rel=\"noopener\">International Conference on Semigroups and related topics<\/a>, Porto, July 6 &#8211; 11, 2009. <a href=\"http:\/\/www.worldscinet.com\/ijac\/21\/2107\/S02181967112107.html\">Issue 7 of Volume 21<\/a> of the <a href=\"http:\/\/www.worldscinet.com\/ijac\/\">International Journal of Algebra and Computation<\/a> has been dedicated to that conference.<\/li>\n<li><a href=\"http:\/\/caul.cii.fc.ul.pt\/SATA2008\/\" target=\"_blank\" rel=\"noopener\">School on Algebraic Theory of Automata<\/a>, Lisbon, September 1 &#8211; 12, 2008.<\/li>\n<li><a href=\"http:\/\/cmup.fc.up.pt\/cmup\/ASA\/numsgps_meeting\/\" target=\"_blank\" rel=\"noopener\">Iberian meeting on numerical semigroups &#8211; Porto 2008<\/a>, March 17 &#8211; 19, 2008.<\/li>\n<\/ul>\n<p><!-- \/wp:list-item --><\/p>\n<p><!-- wp:heading --><\/p>\n<h2 class=\"wp-block-heading\">Some conferences I attended:<\/h2>\n<p><!-- \/wp:heading --><\/p>\n<p>(Links to the slides presented are available in some cases.)<\/p>\n<ul>\n<li><a href=\"http:\/\/cmup.fc.up.pt\/volkov60thbirthday\/program.html\">Workshop on Groups and Semigroups<\/a>, June 9, 2015, Porto, Portugal.<\/li>\n<li><a href=\"http:\/\/www.ugr.es\/~imns2010\/2014\/\">International Meeting on Numerical Semigroups<\/a>, Cortona, Toscana, Italy. 8-13 September, 2014. [<a title=\"slides of the talk\" href=\"http:\/\/www.ugr.es\/~imns2010\/2014\/Slides\/IMNS_2014_Delgado.pdf\">pdf<\/a>]<\/li>\n<li><a href=\"http:\/\/gapdays2014.coxeter.de\/\">GAP Days 2014<\/a>, August 25-29, 2014, RWTH Aachen University, Germany.<\/li>\n<li><a href=\"https:\/\/sites.google.com\/site\/compalg2014\/\">Workshop on Computational Algebra 2014<\/a>, Lisbon, Portugal. 21-23 July, 2014. I gave a talk on GAP and numerical semigroups<\/li>\n<li><a href=\"http:\/\/www.eweb.unex.es\/eweb\/sage\/sagepython2014\/\">Jornadas de Sage\/Python 2014<\/a> Jarandilla de la Vera (C\u00e1ceres), Spain. May 30 to June 1, 2014. I gave a talk on GAP packages<\/li>\n<li><a href=\"http:\/\/www.gap-system.org\/hpcgap2013\/\">International Workshop &#8220;Parallel programming in GAP&#8221;<\/a> August 18th-24th, 2013, University of St Andrews, Scotland. [<a title=\"slides of the talk\" href=\"http:\/\/www.gap-system.org\/hpcgap2013\/Talks\/Delgado.pdf\">pdf<\/a>] [<a title=\"slides of the talk\" href=\"http:\/\/www.gap-system.org\/hpcgap2013\/Talks\/Delgado_genus12.pdf\">a picture<\/a>]<\/li>\n<li><a href=\" http:\/\/caul.cii.fc.ul.pt\/WS2012\/\">Workshop on Semigroups 2012<\/a>, May 23 &#8211; 25, 2012, Lisboa, Portugal. [<a title=\"slides of the talk\" href=\"http:\/\/cmup.fc.up.pt\/cmup\/mdelgado\/slides\/workshop_semigroups_delgado_2012.pdf\">pdf<\/a>]<\/li>\n<li><a href=\"http:\/\/caul.cii.fc.ul.pt\/GSConf2011\/\">Groups and Semigroups: Interactions and Computations<\/a>, July 25 &#8211; 29, 2011, Lisboa, Portugal. [<a title=\"slides of the talk\" href=\"http:\/\/cmup.fc.up.pt\/cmup\/mdelgado\/slides\/Grous_and_Semigroups_Lisboa_2011_delgado.pdf\">pdf<\/a>]<\/li>\n<li><a href=\"http:\/\/www.singacom.uva.es\/oldsite\/Actividad\/s3cm\/s3cm09\/index.html\">Soria Summer School on Computational Mathematics<\/a>, July 13 &#8211; 24, 2009, Soria, Spain. [<a title=\"slides of the course\" href=\"http:\/\/cmup.fc.up.pt\/cmup\/mdelgado\/slides\/Erasmus_IP_delgado_printable.pdf\">pdf<\/a>]<\/li>\n<li><a href=\"http:\/\/www.math.unl.edu\/events\/special\/icgs2009\/\">International Conference on Geometric &amp; Combinatorial Methods in Group Theory &amp; Semigroup Theory<\/a>, May 17 &#8211; 21, 2009, Lincoln-Nebraska, USA. [<a title=\"slides of the talk\" href=\"http:\/\/cmup.fc.up.pt\/cmup\/mdelgado\/slides\/ICGS2009_delgado.pdf\">pdf<\/a>]<\/li>\n<li><a href=\"http:\/\/www.gap-system.org\/workshop2007\">Advanced GAP Workshop<\/a>, September 11th &#8211; 15th 2007. Braunschweig, Germany.<\/li>\n<li><a href=\"http:\/\/www.gap-system.org\/semigroups2006\/\">Semigroups Workshop 2006<\/a>, 5th &#8211; 9th September, 2006. St Andrews, UK.<\/li>\n<li><a href=\"http:\/\/www.icms2006.unican.es\/\" target=\"_top\" rel=\"noopener\">ICMS&#8217;2006<\/a> Second International Congress on Mathematical Software, September 1 &#8211; 3, 2006, Castro Urdiales, Spain.<\/li>\n<li><a href=\"http:\/\/www.ma.uva.es\/%7Evjmda\/\" target=\"_top\" rel=\"noopener\">V JMDA<\/a>: V Jornadas de Matem\u00e1tica Discreta y Algor\u00edtmica, July 12 &#8211; 14, 2006, Campus de Soria, Universidad de Valladolid, Spain.<\/li>\n<li><a href=\"http:\/\/icalp05.di.fct.unl.pt\/WSA.html\" target=\"_top\" rel=\"noopener\">Workshop on Semigroups and Automata<\/a>: A Satellite Workshop to ICALP&#8217;05, July 16, 2005, Lisboa, Portugal.<\/li>\n<li><a href=\"http:\/\/caul.cii.fc.ul.pt\/csl2005\/\" target=\"_top\" rel=\"noopener\">International Conference on Semigroups and Languages in honour of the 65th birthday of Donald B. McAlister<\/a> July 12 &#8211; 15, 2005, CAUL, Lisboa, Portugal.<\/li>\n<li><a href=\"http:\/\/www.math.uminho.pt\/imapst\/imapst.html\" target=\"_top\" rel=\"noopener\">International Meeting on Semigroup Theory and Related Topics<\/a> June 26 &#8211; 28, 2003, Braga, Portugal.<\/li>\n<li><a href=\"http:\/\/alf1.cii.fc.ul.pt\/%7Evhf\/ws2002.html\" target=\"_top\" rel=\"noopener\">Workshop Semigroups and Languages<\/a>, November 27 &#8211; 29, 2002, Lisboa, Portugal.<\/li>\n<li><a href=\"http:\/\/www.fc.up.pt\/cmup\/home\/bsteinbg\/rf.html\" target=\"_top\" rel=\"noopener\">ICSG<\/a>: International Conference on Semigroups and Groups in Honor of the 65<sup>th<\/sup> Birthday of John Rhodes, June 26 &#8211; 29, 2002, University of Porto, Portugal.<\/li>\n<li><a href=\"http:\/\/www.algebra.uni-linz.ac.at\/AAA62\/\" target=\"_top\" rel=\"noopener\">AAA 62<\/a>: Workshop on General Algebra, from Thursday, June 14 &#8211; 17, 2001, Linz, Austria.<\/li>\n<li><a href=\"http:\/\/alf1.cii.fc.ul.pt\/term2001\/\" target=\"_top\" rel=\"noopener\">THEMATIC TERM<\/a>: Semigroups, algorithms, automata and languages, May, June and July 2001, Portugal.<\/li>\n<li><a href=\"http:\/\/www-history.mcs.st-and.ac.uk\/issac2000\/index.shtml\" target=\"_top\" rel=\"noopener\">ISSAC 2000<\/a>: International Symposium on Symbolic and Algebraic Computation, August 6 &#8211; 9, 2000, St Andrews, Scotland.<\/li>\n<li><a href=\"http:\/\/www.math.unl.edu\/%7Eicgs2000\/\" target=\"_top\" rel=\"noopener\">International Conference on Geometric and Combinatorial Methods in Group Theory and Semigroup Theory <\/a>, May 15 &#8211; 19, 2000, Nebraska-Lincoln, USA.<\/li>\n<\/ul>\n<p><!-- \/wp:list-item --><\/p>\n<p><!-- \/wp:list --><\/p>\n<p><!-- wp:heading --><\/p>\n<h2 class=\"wp-block-heading\">Conferences I would like to have attended<\/h2>\n<p><!-- \/wp:heading --><\/p>\n<p><!-- wp:list --><\/p>\n<ul>\n<li style=\"list-style-type: none;\">\n<ul><!-- wp:list-item --><\/ul>\n<\/li>\n<li><a href=\"https:\/\/www.gapdays.de\/gapdays2022-summer\/\">GAP Days Summer 2022<\/a>, Aachen, Germany. 17 to 21 September 2022.<\/li>\n<li><a href=\"https:\/\/imsc.uni-graz.at\/rings2023\/\">Conference on Rings and Factorizations 2023<\/a>, Graz, Austria. July 10\u201314, 2023.<\/li>\n<li><a href=\"https:\/\/afl2023.uni-eszterhazy.hu\/\">16th International Conference on Automata and Formal Languages<\/a>, Eger, Hungary. September 5-7, 2023.<\/li>\n<li><a href=\"https:\/\/imns2020.uca.es\/\">International Meeting on Numerical Semigroups<\/a>, Jerez de la Frontera, Universidad de C\u00e1diz, Spain. 23 to 26 June, 2020. [<span style=\"color: #ff0000;\">Canceled<\/span>, due to the pandemics]<\/li>\n<li><a href=\"https:\/\/www.risc.jku.at\/conferences\/aec2020\/\">Conference on Algorithmic and Enumerative Combinatorics<\/a>, Vienna, Austria, June 29-July 3, 2020.<\/li>\n<li><a href=\"http:\/\/integer-valued.org\/rings2020\/\">Conference on Rings and Polynomials<\/a>, Graz, Austria, July 20&#8211;25, 2020.<\/li>\n<li><a href=\"https:\/\/www.sandgal19.cremona.polimi.it\">Semigroups and Groups, Automata, Logics<\/a>, June 10&#8211;13, 2019, Cremona, Italy.<\/li>\n<li><a href=\"https:\/\/cicm-conference.org\/2018\/cicm.php?event=caat\">Computer Algebra in the Age of Types<\/a>, August 13&#8211;17, 2018, RISC, Hagenberg, Austria.<\/li>\n<li><a href=\"http:\/\/www.icm2018.org\/portal\/en\/\">International Congress of Mathematicians 2018 (ICM 2018)<\/a>, August 01&#8211;09, 2018, Rio de Janeiro, Brazil.<\/li>\n<li><a href=\"http:\/\/icms-conference.org\/2018\/\">International Congress on Mathematical Software<\/a>, 24&#8211;27 July 2018, Notre Dame (South Bend, Indiana) USA.<\/li>\n<li><a href=\"http:\/\/ics2018.campus.ciencias.ulisboa.pt\/\">International Conference on Semigroups<\/a>, July 11th to 14th, 2018, Lisboa, Portugal.<\/li>\n<li><a href=\"http:\/\/gapdays.de\/gap-jupyter-days2018\/\">Jupyter in GAP and other CAS<\/a>, June 4th &#8211; June 8th, 2018, University of St Andrews, Scotland.<\/li>\n<li><a href=\"http:\/\/imsc.uni-graz.at\/rings2018\/\">Conference on Rings and Factorizations<\/a>, February 19th to 23rd, 2018, Graz, Austria.<\/li>\n<li><a href=\"http:\/\/gapdays.de\/gap-sage-days2016\/\">First Joint GAP-\u200bSage Days<\/a>, GAP Coding sprint: Jan 13-16, 2016, University of St Andrews, Scotland.<\/li>\n<li><a href=\"http:\/\/gapdays.de\/gap-sage-days2016\/\">First Joint GAP-\u200bSage Days<\/a>, GAP-SageMath Workshop: Jan 18-22, 2016, University of St Andrews, Scotland.<\/li>\n<li><a href=\"http:\/\/gapdays.coxeter.de\/gapdays2015-fall\/\">Third GAP Days<\/a>, September 19-23, 2015, NTNU Trondheim, Norway.<\/li>\n<li><a href=\"http:\/\/www.automatha.uni-leipzig.de\/\">AutoMathA 2015<\/a>, Jewels of Automata: from Mathematics to Applications, Leipzig, May 6&#8211;9, 2015, Germany.<\/li>\n<li><a href=\"http:\/\/gapdays.coxeter.de\/gapdays2015-spring\/\">GAP Days 2015, Spring<\/a>, March 16-20, 2015, RWTH Aachen University, Germany.<\/li>\n<li><a href=\"http:\/\/www.math.vanderbilt.edu\/~msapir\/stuart\/main.html\">International Conference on Geometric, Combinatorial and Dynamics aspects of Semigroup and Group Theory<\/a>, Bar Ilan University, Israel, June 11 &#8211; 14, 2013, on the occasion of the 60th birthday of Stuart Margolis<\/li>\n<\/ul>\n<p><!-- \/wp:list-item --><\/p>\n<p><!-- wp:list-item --><\/p>\n<p><!-- \/wp:list-item --><\/p>\n<p><!-- wp:list-item --><\/p>\n<ul>\n<li style=\"list-style-type: none;\">\u00a0<\/li>\n<\/ul>\n<p><!-- \/wp:list-item --><\/p>\n<p><!-- wp:list-item --><\/p>\n<ul>\n<li style=\"list-style-type: none;\">\u00a0<\/li>\n<\/ul>\n<p><!-- \/wp:list-item --><\/p>\n<p><!-- wp:list-item --><\/p>\n<ul>\n<li style=\"list-style-type: none;\">\u00a0<\/li>\n<\/ul>\n<p><!-- \/wp:list-item --><\/p>\n<p><!-- wp:list-item --><\/p>\n<ul>\n<li style=\"list-style-type: none;\">\u00a0<\/li>\n<\/ul>\n<p><!-- \/wp:list-item --><\/p>\n<p><!-- wp:list-item --><\/p>\n<ul>\n<li style=\"list-style-type: none;\">\u00a0<\/li>\n<\/ul>\n<p><!-- \/wp:list-item --><\/p>\n<p><!-- wp:list-item --><\/p>\n<ul>\n<li style=\"list-style-type: none;\">\u00a0<\/li>\n<\/ul>\n<p><!-- \/wp:list-item --><\/p>\n<p><!-- wp:list-item --><\/p>\n<ul>\n<li style=\"list-style-type: none;\">\u00a0<\/li>\n<\/ul>\n<p><!-- \/wp:list-item --><\/p>\n<p><!-- wp:list-item --><\/p>\n<ul>\n<li style=\"list-style-type: none;\">\u00a0<\/li>\n<\/ul>\n<p><!-- \/wp:list-item --><\/p>\n<p><!-- wp:list-item --><\/p>\n<ul>\n<li style=\"list-style-type: none;\">\u00a0<\/li>\n<\/ul>\n<p><!-- \/wp:list-item --><\/p>\n<p><!-- wp:list-item --><\/p>\n<ul>\n<li style=\"list-style-type: none;\">\u00a0<\/li>\n<\/ul>\n<p><!-- \/wp:list-item --><\/p>\n<p><!-- wp:list-item --><\/p>\n<ul>\n<li style=\"list-style-type: none;\">\u00a0<\/li>\n<\/ul>\n<p><!-- \/wp:list-item --><\/p>\n<p><!-- wp:list-item --><\/p>\n<ul>\n<li style=\"list-style-type: none;\">\u00a0<\/li>\n<\/ul>\n<p><!-- \/wp:list-item --><\/p>\n<p><!-- wp:list-item --><\/p>\n<ul>\n<li style=\"list-style-type: none;\">\u00a0<\/li>\n<\/ul>\n<p><!-- \/wp:list-item --><\/p>\n<p><!-- wp:list-item --><\/p>\n<ul>\n<li style=\"list-style-type: none;\">\u00a0<\/li>\n<\/ul>\n<p><!-- \/wp:list-item --><\/p>\n<p><!-- wp:list-item --><\/p>\n<ul>\n<li style=\"list-style-type: none;\">\u00a0<\/li>\n<\/ul>\n<p><!-- \/wp:list-item --><\/p>\n<p><!-- wp:list-item --><\/p>\n<ul>\n<li style=\"list-style-type: none;\">\u00a0<\/li>\n<\/ul>\n<p><!-- \/wp:list-item --><\/p>\n<p><!-- wp:list-item --><\/p>\n<ul>\n<li style=\"list-style-type: none;\">\u00a0<\/li>\n<\/ul>\n<p><!-- \/wp:list-item --><\/p>\n<p><!-- \/wp:list --><\/p>","protected":false},"excerpt":{"rendered":"<p>Conferences whose organisation I&#8217;m involved in: Conferences I plan to attend: Theoretical and Computational Algebra 2026, University of Minho, Guimar\u00e3es, Portugal. 28 June &#8211; 2 July 2026. International Meeting on Numerical Semigroups 2026, Akdeniz University, Antalya, T\u00fcrkiye. 24 to 28 &hellip; <a href=\"https:\/\/cmup.fc.up.pt\/cmup\/mdelgado\/conferences\/\">Continue reading <span class=\"meta-nav\">&rarr;<\/span><\/a><\/p>\n","protected":false},"author":1,"featured_media":0,"parent":0,"menu_order":4,"comment_status":"closed","ping_status":"closed","template":"","meta":[],"_links":{"self":[{"href":"https:\/\/cmup.fc.up.pt\/cmup\/mdelgado\/wp-json\/wp\/v2\/pages\/37"}],"collection":[{"href":"https:\/\/cmup.fc.up.pt\/cmup\/mdelgado\/wp-json\/wp\/v2\/pages"}],"about":[{"href":"https:\/\/cmup.fc.up.pt\/cmup\/mdelgado\/wp-json\/wp\/v2\/types\/page"}],"author":[{"embeddable":true,"href":"https:\/\/cmup.fc.up.pt\/cmup\/mdelgado\/wp-json\/wp\/v2\/users\/1"}],"replies":[{"embeddable":true,"href":"https:\/\/cmup.fc.up.pt\/cmup\/mdelgado\/wp-json\/wp\/v2\/comments?post=37"}],"version-history":[{"count":142,"href":"https:\/\/cmup.fc.up.pt\/cmup\/mdelgado\/wp-json\/wp\/v2\/pages\/37\/revisions"}],"predecessor-version":[{"id":1065,"href":"https:\/\/cmup.fc.up.pt\/cmup\/mdelgado\/wp-json\/wp\/v2\/pages\/37\/revisions\/1065"}],"wp:attachment":[{"href":"https:\/\/cmup.fc.up.pt\/cmup\/mdelgado\/wp-json\/wp\/v2\/media?parent=37"}],"curies":[{"name":"wp","href":"https:\/\/api.w.org\/{rel}","templated":true}]}}